{"id":81,"date":"2019-11-26T10:06:56","date_gmt":"2019-11-26T09:06:56","guid":{"rendered":"https:\/\/www.praxis-hirschberg.com\/?page_id=81"},"modified":"2021-09-15T12:33:07","modified_gmt":"2021-09-15T10:33:07","slug":"schwerpunkte","status":"publish","type":"page","link":"https:\/\/www.praxis-hirschberg.com\/?page_id=81","title":{"rendered":"Schwerpunkte"},"content":{"rendered":"<p>Jeder Therapeut besitzt Gebiete in denen er sich besser auskennt und andere Probleme bei deren L\u00f6sung er sich nicht ganz sicher ist, d.h. auch selbst erst mal Erfahrungen mit erfolgreicher Behandlung und dem Einsatz der entsprechenden Methoden machen mu\u00df.<\/p>\n<p>Zu meinen eigenen Schwerpunkten geh\u00f6rt die Behandlung von Traumata. Ich bin hier seit einigen Jahren als Behandler f\u00fcr die psychischen Folgen von z.B. Unf\u00e4llen oder \u00dcberf\u00e4llen t\u00e4tig. Hierbei arbeite ich im Auftrag von z.B. Berufsgenossenschaften.<\/p>\n<p>Des Weiteren geh\u00f6rt die Behandlung von Zwangserkrankungen, Depressionen und \u00c4ngsten zu meinen Schwerpunkten. Ein weiteres Gebiet in dem ich schon erfolgreich t\u00e4tig gewesen bin, ist die Therapie von Abh\u00e4ngigkeitserkrankungen z.B. Alkoholismus oder Cannabis.<\/p>\n<p>Zu meinen speziellen Vorlieben als Therapeut geh\u00f6rt die Expositionsbehandlung. Dies ist eine Methode der Verhaltenstherapie bei der drau\u00dfen in der Realit\u00e4t gearbeitet wird. Wenn z.B. eine Klientin beim Fahren mit der U-Bahn starke \u00c4ngste entwickelt und sich dies schon seit einiger Zeit nicht mehr zutraut, dann wird im Verlaufe der Behandlung eine oder mehrere \u00dcbungen mit dem U-Bahn fahren verbracht. Hierbei erfolgt die Therapie dort, wo das Problem auftritt. Diese Methode hat sich in den letzten Jahren als sehr erfolgreich und effektiv erwiesen.<\/p>\n<p><strong>Behandlungsspektrum:<\/strong><\/p>\n<p>Einzeltherapie (Exposition in vivo und in sensu)<\/p>\n<p>Gruppentherapie (Interaktionelle Therapie nach Yalom)<\/p>\n<p>Supervisor (DTV)<\/p>\n<p>Zertifizierter Traumatherapeut (DeGPT)<\/p>\n<p>EMDR Therapeut (EMDRIA)<\/p>\n<p>psy. Gutachter (Vers., BG, SG)<\/p>\n\n\n<figure class=\"wp-block-image\"><img alt=\"\"\/><\/figure>\n","protected":false},"excerpt":{"rendered":"<p>Jeder Therapeut besitzt Gebiete in denen er sich besser auskennt und andere Probleme bei deren L\u00f6sung er sich nicht ganz sicher ist, d.h. auch selbst erst mal Erfahrungen mit erfolgreicher Behandlung und dem Einsatz der entsprechenden Methoden machen mu\u00df. Zu meinen eigenen Schwerpunkten geh\u00f6rt die Behandlung von Traumata. Ich bin hier seit einigen Jahren als &hellip; <\/p>\n<p class=\"link-more\"><a href=\"https:\/\/www.praxis-hirschberg.com\/?page_id=81\" class=\"more-link\"><span class=\"screen-reader-text\">\u201eSchwerpunkte\u201c<\/span> weiterlesen<\/a><\/p>\n","protected":false},"author":1,"featured_media":0,"parent":0,"menu_order":0,"comment_status":"closed","ping_status":"closed","template":"","meta":[],"yoast_head":"<!-- This site is optimized with the Yoast SEO plugin v20.4 - https:\/\/yoast.com\/wordpress\/plugins\/seo\/ -->\n<title>Schwerpunkte - Psychotherapiepraxis Wilmersdorf<\/title>\n<meta name=\"robots\" content=\"index, follow, max-snippet:-1, max-image-preview:large, max-video-preview:-1\" \/>\n<link rel=\"canonical\" href=\"https:\/\/www.praxis-hirschberg.com\/?page_id=81\" \/>\n<meta property=\"og:locale\" content=\"de_DE\" \/>\n<meta property=\"og:type\" content=\"article\" \/>\n<meta property=\"og:title\" content=\"Schwerpunkte - Psychotherapiepraxis Wilmersdorf\" \/>\n<meta property=\"og:description\" content=\"Jeder Therapeut besitzt Gebiete in denen er sich besser auskennt und andere Probleme bei deren L\u00f6sung er sich nicht ganz sicher ist, d.h. auch selbst erst mal Erfahrungen mit erfolgreicher Behandlung und dem Einsatz der entsprechenden Methoden machen mu\u00df. Zu meinen eigenen Schwerpunkten geh\u00f6rt die Behandlung von Traumata. Ich bin hier seit einigen Jahren als &hellip; \u201eSchwerpunkte\u201c weiterlesen\" \/>\n<meta property=\"og:url\" content=\"https:\/\/www.praxis-hirschberg.com\/?page_id=81\" \/>\n<meta property=\"og:site_name\" content=\"Psychotherapiepraxis Wilmersdorf\" \/>\n<meta property=\"article:modified_time\" content=\"2021-09-15T10:33:07+00:00\" \/>\n<meta name=\"twitter:card\" content=\"summary_large_image\" \/>\n<meta name=\"twitter:label1\" content=\"Gesch\u00e4tzte Lesezeit\" \/>\n\t<meta name=\"twitter:data1\" content=\"2\u00a0Minuten\" \/>\n<script type=\"application\/ld+json\" class=\"yoast-schema-graph\">{\"@context\":\"https:\/\/schema.org\",\"@graph\":[{\"@type\":\"WebPage\",\"@id\":\"https:\/\/www.praxis-hirschberg.com\/?page_id=81\",\"url\":\"https:\/\/www.praxis-hirschberg.com\/?page_id=81\",\"name\":\"Schwerpunkte - Psychotherapiepraxis Wilmersdorf\",\"isPartOf\":{\"@id\":\"https:\/\/www.praxis-hirschberg.com\/#website\"},\"datePublished\":\"2019-11-26T09:06:56+00:00\",\"dateModified\":\"2021-09-15T10:33:07+00:00\",\"breadcrumb\":{\"@id\":\"https:\/\/www.praxis-hirschberg.com\/?page_id=81#breadcrumb\"},\"inLanguage\":\"de\",\"potentialAction\":[{\"@type\":\"ReadAction\",\"target\":[\"https:\/\/www.praxis-hirschberg.com\/?page_id=81\"]}]},{\"@type\":\"BreadcrumbList\",\"@id\":\"https:\/\/www.praxis-hirschberg.com\/?page_id=81#breadcrumb\",\"itemListElement\":[{\"@type\":\"ListItem\",\"position\":1,\"name\":\"Startseite\",\"item\":\"https:\/\/www.praxis-hirschberg.com\/\"},{\"@type\":\"ListItem\",\"position\":2,\"name\":\"Schwerpunkte\"}]},{\"@type\":\"WebSite\",\"@id\":\"https:\/\/www.praxis-hirschberg.com\/#website\",\"url\":\"https:\/\/www.praxis-hirschberg.com\/\",\"name\":\"Psychotherapiepraxis Wilmersdorf\",\"description\":\"Dipl.-Psych. Jan-Per Hirschberg\",\"publisher\":{\"@id\":\"https:\/\/www.praxis-hirschberg.com\/#organization\"},\"potentialAction\":[{\"@type\":\"SearchAction\",\"target\":{\"@type\":\"EntryPoint\",\"urlTemplate\":\"https:\/\/www.praxis-hirschberg.com\/?s={search_term_string}\"},\"query-input\":\"required name=search_term_string\"}],\"inLanguage\":\"de\"},{\"@type\":\"Organization\",\"@id\":\"https:\/\/www.praxis-hirschberg.com\/#organization\",\"name\":\"Psychotherapiepraxis Wilmersdorf\",\"url\":\"https:\/\/www.praxis-hirschberg.com\/\",\"logo\":{\"@type\":\"ImageObject\",\"inLanguage\":\"de\",\"@id\":\"https:\/\/www.praxis-hirschberg.com\/#\/schema\/logo\/image\/\",\"url\":\"https:\/\/www.praxis-hirschberg.com\/wp-content\/uploads\/2020\/06\/Segelboot-Logo.jpg\",\"contentUrl\":\"https:\/\/www.praxis-hirschberg.com\/wp-content\/uploads\/2020\/06\/Segelboot-Logo.jpg\",\"width\":1700,\"height\":2338,\"caption\":\"Psychotherapiepraxis Wilmersdorf\"},\"image\":{\"@id\":\"https:\/\/www.praxis-hirschberg.com\/#\/schema\/logo\/image\/\"}}]}<\/script>\n<!-- \/ Yoast SEO plugin. -->","yoast_head_json":{"title":"Schwerpunkte - Psychotherapiepraxis Wilmersdorf","robots":{"index":"index","follow":"follow","max-snippet":"max-snippet:-1","max-image-preview":"max-image-preview:large","max-video-preview":"max-video-preview:-1"},"canonical":"https:\/\/www.praxis-hirschberg.com\/?page_id=81","og_locale":"de_DE","og_type":"article","og_title":"Schwerpunkte - Psychotherapiepraxis Wilmersdorf","og_description":"Jeder Therapeut besitzt Gebiete in denen er sich besser auskennt und andere Probleme bei deren L\u00f6sung er sich nicht ganz sicher ist, d.h. auch selbst erst mal Erfahrungen mit erfolgreicher Behandlung und dem Einsatz der entsprechenden Methoden machen mu\u00df. Zu meinen eigenen Schwerpunkten geh\u00f6rt die Behandlung von Traumata. Ich bin hier seit einigen Jahren als &hellip; \u201eSchwerpunkte\u201c weiterlesen","og_url":"https:\/\/www.praxis-hirschberg.com\/?page_id=81","og_site_name":"Psychotherapiepraxis Wilmersdorf","article_modified_time":"2021-09-15T10:33:07+00:00","twitter_card":"summary_large_image","twitter_misc":{"Gesch\u00e4tzte Lesezeit":"2\u00a0Minuten"},"schema":{"@context":"https:\/\/schema.org","@graph":[{"@type":"WebPage","@id":"https:\/\/www.praxis-hirschberg.com\/?page_id=81","url":"https:\/\/www.praxis-hirschberg.com\/?page_id=81","name":"Schwerpunkte - Psychotherapiepraxis Wilmersdorf","isPartOf":{"@id":"https:\/\/www.praxis-hirschberg.com\/#website"},"datePublished":"2019-11-26T09:06:56+00:00","dateModified":"2021-09-15T10:33:07+00:00","breadcrumb":{"@id":"https:\/\/www.praxis-hirschberg.com\/?page_id=81#breadcrumb"},"inLanguage":"de","potentialAction":[{"@type":"ReadAction","target":["https:\/\/www.praxis-hirschberg.com\/?page_id=81"]}]},{"@type":"BreadcrumbList","@id":"https:\/\/www.praxis-hirschberg.com\/?page_id=81#breadcrumb","itemListElement":[{"@type":"ListItem","position":1,"name":"Startseite","item":"https:\/\/www.praxis-hirschberg.com\/"},{"@type":"ListItem","position":2,"name":"Schwerpunkte"}]},{"@type":"WebSite","@id":"https:\/\/www.praxis-hirschberg.com\/#website","url":"https:\/\/www.praxis-hirschberg.com\/","name":"Psychotherapiepraxis Wilmersdorf","description":"Dipl.-Psych. Jan-Per Hirschberg","publisher":{"@id":"https:\/\/www.praxis-hirschberg.com\/#organization"},"potentialAction":[{"@type":"SearchAction","target":{"@type":"EntryPoint","urlTemplate":"https:\/\/www.praxis-hirschberg.com\/?s={search_term_string}"},"query-input":"required name=search_term_string"}],"inLanguage":"de"},{"@type":"Organization","@id":"https:\/\/www.praxis-hirschberg.com\/#organization","name":"Psychotherapiepraxis Wilmersdorf","url":"https:\/\/www.praxis-hirschberg.com\/","logo":{"@type":"ImageObject","inLanguage":"de","@id":"https:\/\/www.praxis-hirschberg.com\/#\/schema\/logo\/image\/","url":"https:\/\/www.praxis-hirschberg.com\/wp-content\/uploads\/2020\/06\/Segelboot-Logo.jpg","contentUrl":"https:\/\/www.praxis-hirschberg.com\/wp-content\/uploads\/2020\/06\/Segelboot-Logo.jpg","width":1700,"height":2338,"caption":"Psychotherapiepraxis Wilmersdorf"},"image":{"@id":"https:\/\/www.praxis-hirschberg.com\/#\/schema\/logo\/image\/"}}]}},"_links":{"self":[{"href":"https:\/\/www.praxis-hirschberg.com\/index.php?rest_route=\/wp\/v2\/pages\/81"}],"collection":[{"href":"https:\/\/www.praxis-hirschberg.com\/index.php?rest_route=\/wp\/v2\/pages"}],"about":[{"href":"https:\/\/www.praxis-hirschberg.com\/index.php?rest_route=\/wp\/v2\/types\/page"}],"author":[{"embeddable":true,"href":"https:\/\/www.praxis-hirschberg.com\/index.php?rest_route=\/wp\/v2\/users\/1"}],"replies":[{"embeddable":true,"href":"https:\/\/www.praxis-hirschberg.com\/index.php?rest_route=%2Fwp%2Fv2%2Fcomments&post=81"}],"version-history":[{"count":8,"href":"https:\/\/www.praxis-hirschberg.com\/index.php?rest_route=\/wp\/v2\/pages\/81\/revisions"}],"predecessor-version":[{"id":419,"href":"https:\/\/www.praxis-hirschberg.com\/index.php?rest_route=\/wp\/v2\/pages\/81\/revisions\/419"}],"wp:attachment":[{"href":"https:\/\/www.praxis-hirschberg.com\/index.php?rest_route=%2Fwp%2Fv2%2Fmedia&parent=81"}],"curies":[{"name":"wp","href":"https:\/\/api.w.org\/{rel}","templated":true}]}}